9. Calculate the remainder when w is divided by m(8).
6
Let o = -29 - -35. Calculate the remainder when o is divided by 6.
0
Suppose -m + 92 = -4*i + m, -3*i = 2*m + 55. What is the remainder when 1/7 - 1614/i is divided by 20?
17
Let q be ((-6)/9)/((-2)/15). Let l be 20/6 - q/15. Suppose -85 = -l*f + g, -4*g - 36 = -2*f + 34. What is the remainder when f is divided by 14?
13
Let c = 7 - 5. Suppose 0 = c*l + 2*n, 4*l = 2*l - n. Suppose 0 = 3*g - 3*a - 42, l = 3*a + 7 + 8. What is the remainder when g is divided by 5?
4
Suppose -4*o + 53 = -7. What is the remainder when o is divided by 4?
3
Let j = 3 - 0. What is the remainder when 11 is divided by j?
2
Let x = 9 + -9. Let o = 10 + x. Calculate the remainder when (0 - 14)*(1 + -3) is divided by o.
8
What is the remainder when ((198 - -4)/2)/1 is divided by 26?
23
Let s(i) = i**3 - i + 13. Let m(t) = t - 7. Let h be m(7). Suppose x + 0 = 5. Calculate the remainder when s(h) is divided by x.
3
Let j be 2/4 - 10/(-4). Suppose 20 = -r + j*r. What is the remainder when 2 + (-196)/(-12) - 12/(-18) is divided by r?
9
Let o(a) = a**2 + 6*a - 6. Let s be o(4). Suppose 3*f + f + 3*x = s, -x = -f + 5. Calculate the remainder when f is divided by (-8)/(-20) + 18/5.
3
Let k(n) = 4*n**2 - 3*n - 3. Let f be k(6). Suppose 5*d = 2*d - 3*o + f, -4*d = -2*o - 146. Calculate the remainder when d is divided by (1 - 27)*(-4)/8.
12
Suppose 4*r - 147 - 26 = i, 0 = -5*i - 5. Let h(p) = -p**2 + 10*p + 7. Calculate the remainder when r is divided by h(8).
20
Let q(c) = -c**3 + c**2 - c + 22. Calculate the remainder when 86 is divided by q(0).
20
Let u(g) = g**2 - 8*g - 22. Calculate the remainder when 31 is divided by u(11).
9
Let c be (-197)/13 + 12/78. Let x = c + 78. Calculate the remainder when x is divided by 33.
30
Suppose 108 - 1018 = -10*p. Calculate the remainder when p is divided by 48.
43
Suppose 5*o + 3*t = 2*o - 9, -3*o = -2*t - 11. Let s = o - -21. Let l(p) = p**3 + 5*p**2 - 2*p + 2. Calculate the remainder when s is divided by l(-5).
10
Let w = 260 - 134. What is the remainder when w is divided by 32?
30
Suppose 0 = 4*t - 5*s - 159, 2*s - 164 = -4*t + 6*s. What is the remainder when t is divided by 17?
12
Let y = -3 - -14. What is the remainder when y is divided by 3?
2
What is the remainder when 20 - (6 - (-1 - -4)) is divided by (-13)/(-2) + 2/4?
3
Suppose 8*j - 222 = -46. What is the remainder when 173 is divided by j?
19
Let d(f) = 2*f + 10. Let r(p) = p + 10. Let j be ((-8)/10)/(4/(-30)). Let g(h) = j*d(h) - 7*r(h). What is the remainder when g(9) is divided by 9?
8
Suppose -5*i = -i - 24. Let o(x) = -x**2 - 3*x - 2. Let u be o(-3). Let m(p) = -12*p - 2. What is the remainder when m(u) is divided by i?
4
Let d = 7 + -7. What is the remainder when d + (-1 - 0) + 52 is divided by 13?
12
Let p(i) = i**2 + 5*i + 1. Let g(k) = -k**2 - 4*k - 5. Let r be g(-4). Let u be p(r). What is the remainder when 32 is divided by (-2 + 13)*(u - 0)?
10
Suppose -u + 14 = 2*y + 2*y, 5*u + 4*y = 22. What is the remainder when (2 - (u - 3))*9 is divided by 7?
6
Suppose c + c = -a + 44, 3*c - 5*a - 79 = 0. Calculate the remainder when 65 is divided by c.
19
Let t = 18 + 1. Suppose d + 5*n + 5 + 4 = 0, -2*n = -d + t. What is the remainder when 20 is divided by d?
9
Let y be (-3)/(-3) + 8 + -1. Suppose -3*l - 35 = -y*l. What is the remainder when 25 is divided by l?
4
Let w = -5 + 10. Let b = 11 + 3. Let q = 28 - b. What is the remainder when q is divided by w?
4
Let s(u) be the third derivative of -1/15*u**5 + 0*u + 0 + 2*u**2 + 1/40*u**6 + 1/3*u**3 + 1/12*u**4. What is the remainder when 41 is divided by s(2)?
13
Suppose 4*h - 124 = 148. Calculate the remainder when h is divided by 35.
33
Let i(v) = 3*v - 3. Suppose -2*d = d. Suppose -3*m + d*m + 24 = 0. What is the remainder when m is divided by i(2)?
2
Let h(d) = -2*d + 13. What is the remainder when h(-7) is divided by 7?
6
Suppose 3*r - 39 = 18. Calculate the remainder when r is divided by 5.
4
Suppose -5*n + 51 = -44. Let w(x) = x**2 + 1. What is the remainder when n is divided by w(3)?
9
Let a = 90 + -66. What is the remainder when 28 is divided by a?
4
Let a(i) = 3*i - 2. Let k(b) = -b**2 - 9*b + 1. Let z be k(-8). Calculate the remainder when a(z) is divided by 9.
7
Let g = 2 - 2. Suppose g = -j + o + 4, -3*o - 8 = -4*j - o. Suppose j = 3*u - 27 - 12. What is the remainder when 25 is divided by u?
12
Let w(f) = -f + 3. Suppose -3*x = x. What is the remainder when 4 is divided by w(x)?
1
Suppose 2 + 0 = m. Suppose -o = m - 0. Calculate the remainder when (-31)/(-1*(-2)/o) is divided by 16.
15
Let l = -23 + 41. Let o(n) = -n**3 + 4*n**2 + n. What is the remainder when l is divided by o(2)?
8
Let u(y) = y**3 + 12*y**2 + 15*y + 15. Calculate the remainder when u(-8) is divided by 26.
21
Suppose -2*w + 2 = -0*w. Let f(g) = 2*g - g**2 - 1 + 2*g**2 + 0*g**2. What is the remainder when f(w) is divided by 1?
0
Let k(o) = -o**2 - 12*o - 7. Let b be k(-11). Suppose 0 = -2*w + b*y + 20, w + 5*y = -4*w + 35. What is the remainder when 14 is divided by w?
6
Let i(d) = -3 + d + 4*d**2 + 3. What is the remainder when 40 is divided by i(-2)?
12
Let l = 3 - 1. Suppose l*g + 60 = 4*g. Suppose 5*q - 7 = 3*b + 58, -2*q = -4*b - 12. Calculate the remainder when g is divided by q.
14
Let v be (68 + (-4 - -1))*1. Suppose 0 = -0*m - 5*m + v. Let h(r) = -4*r + 4. Calculate the remainder when h(-5) is divided by m.
11
Suppose 3*x - x = 2, -2*x = 3*i - 8. Let j(o) = o**3 - o**2 - 5*o + 3. Let l be j(3). What is the remainder when (1 - l)*(-4)/10 is divided by i?
0
Suppose -d - 312 = -4*p, -2*d + 234 = 3*p - 5*d. Calculate the remainder when p is divided by 20.
18
Let l(i) be the first derivative of 6*i**2 - i + 2. Suppose 4*b = 5*z - 46, 4*z - 2*b + 7*b = 4. Calculate the remainder when l(1) is divided by z.
5
Suppose -16 + 44 = 4*s. Suppose b + s = 2*w + 3, -3*w = b - 16. Suppose -2*p = 11*p - 182. Calculate the remainder when p is divided by b.
2
Let q be 294/(1 + 2) - -2. What is the remainder when q/7 + (-6)/21 is divided by 5?
4
Suppose 5*j + d - 40 = 0, j = 3*j + 2*d - 16. What is the remainder when 15 is divided by j?
7
Let p(i) = 2*i**2 + 6*i + 5. Suppose 5*n + q + 12 = -q, 0 = -4*q + 16. What is the remainder when 36 is divided by p(n)?
10
Let d(n) = 10*n**3 + 2*n**2 - 1. Let l = -1 + 2. Let z(v) = -22*v - 25. Calculate the remainder when z(-2) is divided by d(l).
8
Suppose k + 9 = 2*a, -5*a - 3*k + 0*k + 39 = 0. Let w(m) = m + 2. Let p be w(0). Suppose p*v - 9 = v. What is the remainder when v is divided by a?
3
Let w be 0/((-8 + 2)/3). Suppose w = 5*k - 25 + 10. Suppose -k = -3*l + 45. What is the remainder when l is divided by 9?
7
Suppose x - 9 - 77 = 0. What is the remainder when x is divided by 30?
26
Let w = -24 + 35. Let c(v) = v**2 + 12*v - 4. Let i be c(-12). Let t(d) = -d + 2. Calculate the remainder when w is divided by t(i).
5
Let n(p) = 3*p - 5. Let l be n(2). Suppose -29 = -2*c - l. What is the remainder when 39 is divided by c?
11
Let k(i) = 14*i + 1. What is the remainder when k(2) is divided by 10?
9
Suppose -39 = -2*a - 4*o + 23, -4*o = -4*a + 136. Let d be a/6 - (-3)/6. What is the remainder when 25 is divided by d*(45/6)/5?
7
Suppose -6*o + o = 0. Suppose -4*k - 34 + 106 = o. Calculate the remainder when 89 is divided by k.
17
Let a = -29 - -57. What is the remainder when a is divided by (-1 + -5)/((-18)/30)?
8
Let y = -107 - -156. What is the remainder when 193 is divided by y?
46
Calculate the remainder when 20 is divided by (-11)/(-2)*(-2 - (-4)/1).
9
Suppose 3*f = 8*z - 5*z - 6, 4*z - f - 11 = 0. What is the remainder when (-27)/(-6) - 1/2 is divided by z?
1
Let c be (0/(-3 + 1))/(-1). Suppose -3*p = -j + 49 + 12, c = -2*p - 10. What is the remainder when j is divided by 16?
14
Let r = -137 - -192. Calculate the remainder when r is divided by 14.
13
Let x = 30 + -22. Calculate the remainder when x is divided by 5.
3
Suppose 2*l + 14 = -62. Let m be (l/6)/(2/6). Let v = m + 28. What is the remainder when 17 is divided by v?
8
Let v(o) = o**3 - 11*o**2 + 4*o - 15. Suppose -5*y - 35 = -0. Let r(b) = -2*b - 3. Let d be r(y). Calculate the remainder when v(d) is divided by 10.
9
Suppose 0 = -2*n + 3*n - 13. Let i = -8 + 13. What is the remainder when n is divid